71 - -92)?
7
Let n(a) = 4*a**2 + 11*a - 16. Suppose -2*t - 34 = -4*f, 4*f = 5*t - 9 + 46. What is the tens digit of n(f)?
2
Let w(n) = -2*n**3 - 12*n**2 - 19*n - 6. Let x be w(-6). Suppose -3*b + 402 = 4*f, -f + 13*b = 10*b - x. What is the units digit of f?
2
Let g be (-2)/(-13) - ((-246)/(-78) - 8). Suppose g*t - 5*w = 230, -2*t - 4*w = -126 + 22. Suppose 5*y - 9*y = -t. What is the units digit of y?
2
Let k(t) = -t. Let y(x) = 11*x - 2. Let z(b) = -10*b + 3. Let s(r) = 6*y(r) + 7*z(r). Let v(a) = -6*k(a) - s(a). What is the tens digit of v(5)?
4
Suppose 14*v + 71505 = 49*v. Suppose -2*r = -1599 - v. What is the units digit of r?
1
Suppose 34213 = f + 6*u, 68345 = 2*f + 30*u - 27*u. What is the thousands digit of f?
4
Suppose 57 = 2*a + 21. Suppose 13*w - a*w + 15 = 0. Suppose -8*k + w*k = 5*f - 370, -73 = -k - 2*f. What is the tens digit of k?
7
Let a = 6709 - 2179. Suppose -a = -13*l - 552. What is the hundreds digit of l?
3
Let f(n) = 8*n**2 + 10*n + 16. Let h be f(-6). Suppose -x = -3*b - h, -118 = 3*x - b - 826. What is the hundreds digit of x?
2
Suppose -4*m + 15079 = r, 2*m = 27*r - 29*r + 30152. What is the ten thousands digit of r?
1
What is the tens digit of 216740/22 + (-12)/(-4) + (-4)/(-22)?
5
Let r(m) = m**2 + 2*m + 1274. Let c be r(0). Suppose -4*y + c = 3*t - 6*t, 0 = -y + 3*t + 323. What is the tens digit of y?
1
Suppose 26*l - 479628 = -103382. What is the units digit of l?
1
What is the tens digit of (656/(-10))/(180/(-225))?
8
Suppose -2 = -4*w + 5*w + 4*o, w = 3*o - 2. Suppose 2*g - 1587 = 305. What is the tens digit of w + (2/12 - g/(-12))?
7
Let u(n) = 160*n + 630. What is the hundreds digit of u(0)?
6
What is the units digit of 8/((-72)/45) + (-6*56)/(-2)?
3
Let m(w) = -w**3 + 7*w**2 + 6*w + 4. Let v(l) = 0*l**3 + l**3 + 3 - 5*l**2 + 1. Let a be v(5). What is the tens digit of m(a)?
7
Suppose 8*u - 51847 = 6*u - 3*g, 0 = g - 1. What is the ten thousands digit of u?
2
What is the tens digit of ((-533)/5 - 12/(-20))*74/(-4)?
6
Let v(t) be the third derivative of -t**5/60 - 2*t**4/3 + 10*t**3/3 - 2*t**2. Suppose -17*r + 19*r = 4*k + 40, 4*r + 30 = -2*k. What is the units digit of v(k)?
5
Let i(y) = -y**3 - 20*y**2 - 9*y - 55. Let j = -184 + 163. What is the units digit of i(j)?
5
Let w be -6 + 5 - (-6 - 1). Suppose -f + h + 88 = 0, w*f - 9*f + 272 = h. What is the tens digit of f?
9
Let p(y) be the first derivative of -36 - 6*y**3 + 1/4*y**4 + 39/2*y**2 - 7*y. What is the units digit of p(16)?
5
Let j(u) = -u**3 - 18*u**2 - 32*u - 124. What is the tens digit of j(-24)?
0
Suppose -10*y + 11503 = -6*y + u, u + 5 = 0. Suppose 4*t - 2*t - y = -3*s, -4*s - 3*t + 3835 = 0. What is the units digit of s?
1
Let o = -167 - -86. Let r = o - -86. Let b(t) = 23*t + 18. What is the units digit of b(r)?
3
Let n(d) = -3*d - 7 + 10*d**2 + 0*d + 6. Let l be (-8 - -5)*(-3 + (-11)/(-3)). What is the units digit of n(l)?
5
Suppose 76*l - 69154 = 8139 + 498711. What is the hundreds digit of l?
5
Let p(l) = 4*l - 57. Let m be p(15). Suppose 0*s - 130 = -s + z, -m*s = 2*z - 365. What is the units digit of s?
5
Suppose x + 8*c + 46 = 4*c, -x + 2*c - 46 = 0. Let k be -10*2*(-42)/8. Let t = k + x. What is the units digit of t?
9
Let s = 27715 + 5045. Suppose -46*n + 4*n + s = 0. What is the hundreds digit of n?
7
Suppose 11*m - 14600 = 8*m + 4*s, 4*m + 4*s - 19448 = 0. Suppose 18*v = 2*v + m. What is the tens digit of v?
0
Suppose 8*r - 11*r = 0. Suppose r*h + 3*h = -117. Let b = h + 72. What is the tens digit of b?
3
Let h be (-42)/18 - (0 - (-4)/6). Let v = h - -11. Let d(t) = 2*t**2 - 9*t + 13. What is the units digit of d(v)?
9
Suppose 14 = 4*a + 3*f, -10*a + 3*f - 8 = -11*a. Suppose 0 = 3*x - 4*c - 325, -a*x + 3*c = -0*x - 218. What is the units digit of x?
3
Let l(y) be the third derivative of 0*y - 5*y**2 + 0 - 1/6*y**3 - 1/24*y**4. What is the units digit of l(-6)?
5
Let b(t) = -t**2 + 17*t - 38. Let h be b(13). Let x(m) = m**3 - 9*m**2 + 3*m + 10. What is the hundreds digit of x(h)?
0
Let h = 4 - -2. Let z be 2*-4*-1 - (-2 + h). Suppose 2*x = 2, -2*x - 3*x - 1147 = -z*q. What is the hundreds digit of q?
2
Suppose -o - 82*z + 78*z = -1330, -4055 = -3*o + z. Suppose -8*b = -13*b - 5*c + o, -282 = -b + 3*c. What is the tens digit of b?
7
Suppose -4*o = 5*w - 137293, -2*o - 9116 - 73251 = -3*w. What is the thousands digit of w?
7
Suppose -3*y + 305 = -73. Suppose -n = -6*n + 2*o + y, 0 = -o - 3. What is the units digit of 10/2 - n/(-6)?
9
Suppose -r + 8973 = -5*i + 3343, 4 = -4*i. What is the hundreds digit of r?
6
Suppose -2*j + 2 + 6 = 0. Suppose -j*u + 10 = -2*p + 2, 3*p + 4 = 2*u. Let c = 32 - u. What is the units digit of c?
0
Suppose 3*u + 3*p - 48 = 0, 3*u + p = -2*u + 60. Suppose -16*n = -u*n + 10, 0 = 5*z + 3*n - 2964. What is the units digit of z?
4
Suppose -751*i = -741*i - 533800. What is the tens digit of i?
8
Suppose 11095 = 5*l - 4*i - 2970, -2*i = -5*l + 14055. What is the tens digit of l?
0
Let w = 12810 - 5091. What is the hundreds digit of w?
7
Suppose 0 = -c + 2*i + 662, -5*i + 2638 = 4*c - 3*i. Suppose -4*q = q + c. Let o = q - -237. What is the tens digit of o?
0
Suppose 0 = -5*z + 2*n - 35 + 3, 0 = 3*z + 4*n + 14. Let p = z - -36. What is the units digit of 6/p - 59/(-5)?
2
Suppose 4*v = -d - 28, d + 4*d + 4*v + 124 = 0. Let r = -24 - d. Suppose -4*f + 5*u = -9*f + 310, 5*f - 5*u - 320 = r. What is the units digit of f?
3
Let d = -7 - -5. Let l be (d/(-6) - (-98)/(-42)) + 8. What is the tens digit of (-82)/(3 + 1 - l)?
4
Suppose 0 = 4*o + i - 10, 2*o + 4*i = -3*o + 7. Suppose -o = 3*a - 9. Suppose -5*n + 499 = a*f, -4*f = -3*f + 3. What is the hundreds digit of n?
1
Let k(m) = -16*m + 10. Let x(f) = -15*f + 9. Let p(n) = 2*k(n) - 3*x(n). Suppose d + 5*q = 8*q + 5, -4*q = 5*d - 44. What is the units digit of p(d)?
7
Suppose 0 = -3*n + 7*n. Suppose 4*p - 1725 + 573 = n. What is the units digit of p?
8
Let s = 77 - -79. What is the tens digit of (6/39 - 0) + 78444/s?
0
Let p = -7975 + 10607. What is the hundreds digit of p?
6
Let t = -2350 + 9229. What is the thousands digit of t?
6
Let j = -86 + 88. Suppose 0 = -j*h + h + 353. Suppose -5*s + 335 = 5*i, i - s - h = -4*i. What is the units digit of i?
0
Let a(i) = -5 - 2*i + 3 + 31*i + i - i. Let p = -3 + 7. What is the units digit of a(p)?
4
Let r = 866 + -860. Suppose p + w + 1435 = r*p, 4*p + w = 1157. What is the hundreds digit of p?
2
Let b = 480 - -588. What is the tens digit of b?
6
Suppose 9*o = 6*o. Suppose 14*l - 17*l - 48 = o. What is the tens digit of l/(-72) + (-493)/18*-2?
5
Suppose -3*r = -b + 5*b - 17, -4*r - 29 = -5*b. Suppose 0*k - 5*m = -b*k + 25, -2*k - m + 10 = 0. What is the units digit of 2 - k/(15/(-561))?
9
Let n(j) = j**3 - 4*j**2 - 2*j + 13. Let s be n(4). Suppose l - 105 = -3*q, 3*l + 295 = 6*l + s*q. Let c = l - -18. What is the tens digit of c?
0
Suppose y + 13596 = 3*m, -23*y + 19*y = -5*m + 22667. What is the thousands digit of m?
4
Let d be (-60)/75*(-55)/(-2). Let y = 539 + -686. Let x = d - y. What is the hundreds digit of x?
1
Let n(t) = 1. Let i(u) = 6*u**2 - 10*u - 24. Let s(b) = -i(b) + 2*n(b). Let q be s(-4). Let w = 226 + q. What is the tens digit of w?
1
Suppose 0 = 474*o - 472*o - 6004. What is the tens digit of o?
0
Let c(l) = 1132*l - 14221. What is the hundreds digit of c(19)?
2
Let p(l) = 2*l**3 - 2*l**2 + 12*l + 2. Let m be p(4). Let n(r) = -2*r**3 - 34*r**2 - 20*r - 12. Let w be n(-17). Let v = w - m. What is the tens digit of v?
8
What is the hundreds digit of (52560/128 - -18) + (-3)/(-8)?
4
Let i(o) = -6*o**3 - 17*o**2 - 4*o - 65. What is the thousands digit of i(-8)?
1
Let d(f) be the second derivative of f**3/6 - 2*f**2 - 16*f. Let o be d(5). What is the units digit of (-3 + o)*(-122)/4?
1
Suppose m - 560 = -6*m. Suppose 12*h - 4*q - m = 9*h, 5*q - 38 = -2*h. What is the tens digit of h?
2
Suppose -83696 = 52*r - 55*r + 5*g, -3*r = -2*g - 83702. What is the units digit of r?
2
Let g = 2800 - -1467. What is the tens digit of g?
6
Let u(r) = 19*r**2 + 48*r - 357. What is the hundreds digit of u(25)?
7
Let h(j) = -964*j + 5024. What is the units digit of h(-13)?
6
What is the units digit of 13/52 - 6/18 - (-601394)/24?
8
What is the tens digit of 63478 - (43 - (23 - 5))?
5
Let t = 17937 - 11699. What is the units digit